{"id":623,"date":"2022-02-08T16:15:37","date_gmt":"2022-02-08T16:15:37","guid":{"rendered":"https:\/\/tv.esarganil.pt\/?page_id=623"},"modified":"2022-07-01T21:32:23","modified_gmt":"2022-07-01T21:32:23","slug":"saude-para-todos","status":"publish","type":"page","link":"https:\/\/tv.esarganil.pt\/?page_id=623","title":{"rendered":"Sa\u00fade Para Todos"},"content":{"rendered":"\n<figure class=\"wp-block-image size-large is-resized\"><img decoding=\"async\" src=\"https:\/\/tv.esarganil.pt\/wp-content\/uploads\/2022\/02\/Logotipo_Final-01-1024x315.jpg\" alt=\"\" class=\"wp-image-624\" width=\"600\" srcset=\"https:\/\/tv.esarganil.pt\/wp-content\/uploads\/2022\/02\/Logotipo_Final-01-1024x315.jpg 1024w, https:\/\/tv.esarganil.pt\/wp-content\/uploads\/2022\/02\/Logotipo_Final-01-300x92.jpg 300w, https:\/\/tv.esarganil.pt\/wp-content\/uploads\/2022\/02\/Logotipo_Final-01-768x237.jpg 768w, https:\/\/tv.esarganil.pt\/wp-content\/uploads\/2022\/02\/Logotipo_Final-01-1536x473.jpg 1536w, https:\/\/tv.esarganil.pt\/wp-content\/uploads\/2022\/02\/Logotipo_Final-01-2048x631.jpg 2048w\" sizes=\"(max-width: 1024px) 100vw, 1024px\" \/><figcaption>O Projecto \u201cSa\u00fade para Todos\u201d, que pretende promover a literacia em Sa\u00fade da comunidade escolar da Escola Secund\u00e1ria de Arganil, \u00e9 dinamizado pelos Cursos Profissionais de T\u00e9cnico de Multimedia e de T\u00e9cnico Auxiliar de Sa\u00fade do AE Arganil. No \u00e2mbito das Provas de Aptid\u00e3o Profissionais dos alunos Ana Salom\u00e9 (TAS), Jessica Martins e Jo\u00e3o Pedro Barata (TM) pretende-se abordar diversos assuntos sobre Sa\u00fade, num ciclo de programas a exibir na p\u00e1gina da TV Escola. Para al\u00e9m da orienta\u00e7\u00e3o dos professores V\u00e2nia Silva e Jos\u00e9 Miguel Marques, ao longo do ano letivo 2021-22, este Projeto contar\u00e1 ainda com necess\u00e1ria colabora\u00e7\u00e3o de alguns parceiros e convidados, nomeadamente da Enf.\u00aa Cristina Contente, da Equipa de Sa\u00fade Escolar do Centro de Sa\u00fade de Arganil.<br>Convidamos, por isso, toda a comunidade escolar a participar neste projeto que se pretende din\u00e2mico e interativo, podendo ser colocadas quest\u00f5es relacionadas com Sa\u00fade, de forma totalmente an\u00f3nima. A Enfermeira Cristina responder\u00e1 sempre no Programa seguinte.<br>Porque cidad\u00e3os informados s\u00e3o tamb\u00e9m cidad\u00e3os mais protegidos, desejamos assim \u201c<strong>Sa\u00fade para Todos<\/strong>\u201d!<\/figcaption><\/figure>\n\n\n\n<hr class=\"wp-block-separator has-text-color has-light-green-cyan-color has-css-opacity has-light-green-cyan-background-color has-background\"\/>\n\n\n\n<h2 class=\"wp-block-heading\" id=\"programa-1-a-diabetes\">PROGRAMA 1 &#8211; A DIABETES<\/h2>\n\n\n\n<figure class=\"wp-block-embed is-type-video is-provider-youtube wp-block-embed-youtube wp-embed-aspect-16-9 wp-has-aspect-ratio\"><div class=\"wp-block-embed__wrapper\">\n<iframe loading=\"lazy\" title=\"Sa\u00fade Para todos-Episodio 1 A diabetes\" width=\"640\" height=\"360\" src=\"https:\/\/www.youtube.com\/embed\/m68zI9LQkBU?feature=oembed\" frameborder=\"0\" allow=\"accelerometer; autoplay; clipboard-write; encrypted-media; gyroscope; picture-in-picture; web-share\" referrerpolicy=\"strict-origin-when-cross-origin\" allowfullscreen><\/iframe>\n<\/div><\/figure>\n\n\n\n<h6 class=\"has-text-align-center has-black-color has-light-green-cyan-background-color has-text-color has-background wp-block-heading\" id=\"clica-aqui-para-colocares-as-tuas-duvidas\"><a href=\"https:\/\/tellonym.me\/Saudeparatodos2022\" target=\"_blank\" rel=\"noreferrer noopener\">Clica aqui para colocares as tuas d\u00favidas<\/a><\/h6>\n\n\n\n<h2 class=\"wp-block-heading\">PROGRAMA 2 &#8211; Alergias Alimentares<\/h2>\n\n\n\n<figure class=\"wp-block-embed is-type-video is-provider-youtube wp-block-embed-youtube wp-embed-aspect-16-9 wp-has-aspect-ratio\"><div class=\"wp-block-embed__wrapper\">\n<iframe loading=\"lazy\" title=\"Saude Para Todos- EP2 Alergias Alimentares\" width=\"640\" height=\"360\" src=\"https:\/\/www.youtube.com\/embed\/GIjJH9cRido?feature=oembed\" frameborder=\"0\" allow=\"accelerometer; autoplay; clipboard-write; encrypted-media; gyroscope; picture-in-picture; web-share\" referrerpolicy=\"strict-origin-when-cross-origin\" allowfullscreen><\/iframe>\n<\/div><\/figure>\n\n\n\n<h6 class=\"has-text-align-center has-black-color has-light-green-cyan-background-color has-text-color has-background wp-block-heading\" id=\"clica-aqui-para-colocares-as-tuas-duvidas\"><a href=\"https:\/\/tellonym.me\/Saudeparatodos2022\" target=\"_blank\" rel=\"noreferrer noopener\">Clica aqui para colocares as tuas d\u00favidas<\/a><\/h6>\n\n\n\n<h2 class=\"wp-block-heading\">Programa 3 &#8211; Cancro<\/h2>\n\n\n\n<figure class=\"wp-block-embed is-type-video is-provider-youtube wp-block-embed-youtube wp-embed-aspect-16-9 wp-has-aspect-ratio\"><div class=\"wp-block-embed__wrapper\">\n<iframe loading=\"lazy\" title=\"SaudeParaTodos EP3- Cancro\" width=\"640\" height=\"360\" src=\"https:\/\/www.youtube.com\/embed\/HqfH1830ZLI?feature=oembed\" frameborder=\"0\" allow=\"accelerometer; autoplay; clipboard-write; encrypted-media; gyroscope; picture-in-picture; web-share\" referrerpolicy=\"strict-origin-when-cross-origin\" allowfullscreen><\/iframe>\n<\/div><\/figure>\n\n\n\n<h6 class=\"has-text-align-center has-black-color has-light-green-cyan-background-color has-text-color has-background wp-block-heading\" id=\"clica-aqui-para-colocares-as-tuas-duvidas\"><a href=\"https:\/\/tellonym.me\/Saudeparatodos2022\" target=\"_blank\" rel=\"noreferrer noopener\">Clica aqui para colocares as tuas d\u00favidas<\/a><\/h6>\n\n\n\n<hr class=\"wp-block-separator has-text-color has-light-green-cyan-color has-css-opacity has-light-green-cyan-background-color has-background is-style-default\"\/>\n\n\n\n<p>Orientadores: V\u00e2nia Silva e Jos\u00e9 Miguel<\/p>\n\n\n\n<p>Prova de Aptid\u00e3o Profissional<\/p>\n\n\n\n<p>2021-2022<\/p>\n\n\n\n<figure class=\"wp-block-image size-full is-resized\"><img loading=\"lazy\" decoding=\"async\" src=\"https:\/\/tv.esarganil.pt\/wp-content\/uploads\/2022\/02\/rodape_preto.png\" alt=\"\" class=\"wp-image-634\" width=\"250\" height=\"19\" srcset=\"https:\/\/tv.esarganil.pt\/wp-content\/uploads\/2022\/02\/rodape_preto.png 1000w, https:\/\/tv.esarganil.pt\/wp-content\/uploads\/2022\/02\/rodape_preto-300x23.png 300w, https:\/\/tv.esarganil.pt\/wp-content\/uploads\/2022\/02\/rodape_preto-768x58.png 768w\" sizes=\"auto, (max-width: 250px) 100vw, 250px\" \/><\/figure>\n","protected":false},"excerpt":{"rendered":"<p>PROGRAMA 1 &#8211; A DIABETES Clica aqui para colocares as tuas d\u00favidas PROGRAMA 2 &#8211; Alergias Alimentares Clica aqui para colocares as tuas d\u00favidas Programa 3 &#8211; Cancro Clica aqui para colocares as tuas d\u00favidas Orientadores: V\u00e2nia Silva e Jos\u00e9 Miguel Prova de Aptid\u00e3o Profissional 2021-2022<\/p>\n","protected":false},"author":2,"featured_media":609,"parent":0,"menu_order":0,"comment_status":"closed","ping_status":"closed","template":"","meta":{"_vp_format_video_url":"","_vp_image_focal_point":[],"footnotes":""},"class_list":["post-623","page","type-page","status-publish","has-post-thumbnail","hentry"],"_links":{"self":[{"href":"https:\/\/tv.esarganil.pt\/index.php?rest_route=\/wp\/v2\/pages\/623","targetHints":{"allow":["GET"]}}],"collection":[{"href":"https:\/\/tv.esarganil.pt\/index.php?rest_route=\/wp\/v2\/pages"}],"about":[{"href":"https:\/\/tv.esarganil.pt\/index.php?rest_route=\/wp\/v2\/types\/page"}],"author":[{"embeddable":true,"href":"https:\/\/tv.esarganil.pt\/index.php?rest_route=\/wp\/v2\/users\/2"}],"replies":[{"embeddable":true,"href":"https:\/\/tv.esarganil.pt\/index.php?rest_route=%2Fwp%2Fv2%2Fcomments&post=623"}],"version-history":[{"count":9,"href":"https:\/\/tv.esarganil.pt\/index.php?rest_route=\/wp\/v2\/pages\/623\/revisions"}],"predecessor-version":[{"id":651,"href":"https:\/\/tv.esarganil.pt\/index.php?rest_route=\/wp\/v2\/pages\/623\/revisions\/651"}],"wp:featuredmedia":[{"embeddable":true,"href":"https:\/\/tv.esarganil.pt\/index.php?rest_route=\/wp\/v2\/media\/609"}],"wp:attachment":[{"href":"https:\/\/tv.esarganil.pt\/index.php?rest_route=%2Fwp%2Fv2%2Fmedia&parent=623"}],"curies":[{"name":"wp","href":"https:\/\/api.w.org\/{rel}","templated":true}]}}